{"id":2855,"date":"2024-11-03T15:24:50","date_gmt":"2024-11-03T15:24:50","guid":{"rendered":"https:\/\/martiresparroquiasanpiox.org\/siti-dei-martiri\/"},"modified":"2024-12-12T12:47:24","modified_gmt":"2024-12-12T12:47:24","slug":"siti-dei-martiri","status":"publish","type":"page","link":"https:\/\/martiresparroquiasanpiox.org\/it\/martiri\/siti-dei-martiri\/","title":{"rendered":"Siti dei martiri"},"content":{"rendered":"\n<h5 class=\"wp-block-heading has-text-align-center\"><b><strong>I loro corpi<\/strong><\/b><\/h5>\n\n<div style=\"height:40px\" aria-hidden=\"true\" class=\"wp-block-spacer\"><\/div>\n\n<blockquote class=\"wp-block-quote is-layout-flow wp-block-quote-is-layout-flow\">\n<p>La m\u00e1rtries se veneran actualmente en la Parroquia San Pio X en Algemes\u00ed, Valencia (Espa\u00f1a), donde se encuentran sus cuerpos enterrados.<\/p>\n<\/blockquote>\n\n<div style=\"height:40px\" aria-hidden=\"true\" class=\"wp-block-spacer\"><\/div>\n\n<div align=\"center\"><iframe src=\"https:\/\/www.google.com\/maps\/embed?pb=!1m18!1m12!1m3!1d6184.45051994253!2d-0.43283999999999995!3d39.19232999999999!2m3!1f0!2f0!3f0!3m2!1i1024!2i768!4f13.1!3m3!1m2!1s0xd61b035a1b0997f%3A0xb12451e06d2727fd!2sParroquia%20San%20P%C3%ADo%20X%20de%20Algemes%C3%AD!5e0!3m2!1ses!2ses!4v1727475416015!5m2!1ses!2ses\" width=\"600\" height=\"450\" style=\"border:0;\" allowfullscreen=\"\" loading=\"lazy\" referrerpolicy=\"no-referrer-when-downgrade\"><\/iframe><\/div>\r\n\n<div style=\"height:40px\" aria-hidden=\"true\" class=\"wp-block-spacer\"><\/div>\n\n<hr class=\"wp-block-separator aligncenter has-alpha-channel-opacity is-style-default\"\/>\n\n<div style=\"height:40px\" aria-hidden=\"true\" class=\"wp-block-spacer\"><\/div>\n\n<h5 class=\"wp-block-heading has-text-align-center\"><b><strong>Casa di famiglia<\/strong><\/b><\/h5>\n\n<div style=\"height:40px\" aria-hidden=\"true\" class=\"wp-block-spacer\"><\/div>\n\n<blockquote class=\"wp-block-quote is-layout-flow wp-block-quote-is-layout-flow\">\n<p>Calle Valencia 55, Algemes\u00ed, Valencia (Espa\u00f1a)<\/p>\n<\/blockquote>\n\n<div style=\"height:40px\" aria-hidden=\"true\" class=\"wp-block-spacer\"><\/div>\n\n<div align=\"center\"><iframe src=\"https:\/\/www.google.com\/maps\/embed?pb=!1m18!1m12!1m3!1d3092.278945928023!2d-0.4376602897294092!3d39.19110997154464!2m3!1f0!2f0!3f0!3m2!1i1024!2i768!4f13.1!3m3!1m2!1s0xd61b03414f8e7b9%3A0xa1a0e30182a3a89d!2sC.%20Valencia%2C%2055%2C%2046680%20Algemes%C3%AD%2C%20Valencia%2C%20Espa%C3%B1a!5e0!3m2!1ses!2sve!4v1730340004940!5m2!1ses!2sve\" width=\"600\" height=\"450\" style=\"border:0;\" allowfullscreen=\"\" loading=\"lazy\" referrerpolicy=\"no-referrer-when-downgrade\"><\/iframe><\/div>\r\n\n<div style=\"height:40px\" aria-hidden=\"true\" class=\"wp-block-spacer\"><\/div>\n\n<hr class=\"wp-block-separator aligncenter has-alpha-channel-opacity\"\/>\n\n<div style=\"height:40px\" aria-hidden=\"true\" class=\"wp-block-spacer\"><\/div>\n\n<h5 class=\"wp-block-heading has-text-align-center\"><strong>Monastero <em>Fons Salutis<\/em><\/strong><\/h5>\n\n<div style=\"height:40px\" aria-hidden=\"true\" class=\"wp-block-spacer\"><\/div>\n\n<blockquote class=\"wp-block-quote is-layout-flow wp-block-quote-is-layout-flow\">\n<p>Ex monastero di clausura di Algemes\u00ed, che serv\u00ec da prigione durante la persecuzione religiosa e dove i martiri furono imprigionati per una settimana.<\/p>\n<\/blockquote>\n\n<div style=\"height:40px\" aria-hidden=\"true\" class=\"wp-block-spacer\"><\/div>\n\n<div align=\"center\"><iframe src=\"https:\/\/www.google.com\/maps\/embed?pb=!1m18!1m12!1m3!1d3128.0435310892967!2d-0.44215895746337047!3d39.19483883961348!2m3!1f0!2f0!3f0!3m2!1i1024!2i768!4f13.1!3m3!1m2!1s0xd61b032ca2624ed%3A0x4afa145ee98d4d17!2sMonestir%20de%20Fons%20Salutis!5e0!3m2!1ses!2sve!4v1730340283043!5m2!1ses!2sve\" width=\"600\" height=\"450\" style=\"border:0;\" allowfullscreen=\"\" loading=\"lazy\" referrerpolicy=\"no-referrer-when-downgrade\"><\/iframe><\/div>\r\n\n<div style=\"height:40px\" aria-hidden=\"true\" class=\"wp-block-spacer\"><\/div>\n\n<hr class=\"wp-block-separator aligncenter has-alpha-channel-opacity\"\/>\n\n<div style=\"height:40px\" aria-hidden=\"true\" class=\"wp-block-spacer\"><\/div>\n\n<h5 class=\"wp-block-heading has-text-align-center\"><strong>Casa di Purificaci\u00f3n Masi\u00e1<\/strong><\/h5>\n\n<div style=\"height:40px\" aria-hidden=\"true\" class=\"wp-block-spacer\"><\/div>\n\n<blockquote class=\"wp-block-quote is-layout-flow wp-block-quote-is-layout-flow\">\n<p>Carrer de la Muntanya 64, Algemes\u00ed, Valencia (Espa\u00f1a). Purificaci\u00f3n era l&#8217;unica sorella sposata della famiglia Ferragud.<\/p>\n<\/blockquote>\n\n<div style=\"height:40px\" aria-hidden=\"true\" class=\"wp-block-spacer\"><\/div>\n\n<div align=\"center\"><iframe src=\"https:\/\/www.google.com\/maps\/embed?pb=!1m18!1m12!1m3!1d3092.2593599688635!2d-0.4414076248716593!3d39.19155507166275!2m3!1f0!2f0!3f0!3m2!1i1024!2i768!4f13.1!3m3!1m2!1s0xd61b0324ea8e6d7%3A0xb7931b151d4dbb86!2sCarrer%20de%20la%20Muntanya%2C%2064%2C%2046680%20Algemes%C3%AD%2C%20Val%C3%A8ncia%2C%20Espa%C3%B1a!5e0!3m2!1ses!2sve!4v1730384906656!5m2!1ses!2sve\" width=\"600\" height=\"450\" style=\"border:0;\" allowfullscreen=\"\" loading=\"lazy\" referrerpolicy=\"no-referrer-when-downgrade\"><\/iframe><\/div>\r\n\n<div style=\"height:40px\" aria-hidden=\"true\" class=\"wp-block-spacer\"><\/div>\n\n<hr class=\"wp-block-separator aligncenter has-alpha-channel-opacity\"\/>\n\n<div style=\"height:40px\" aria-hidden=\"true\" class=\"wp-block-spacer\"><\/div>\n\n<h5 class=\"wp-block-heading has-text-align-center\"><strong>Bas\u00edlica San Jaime Ap\u00f3stol<\/strong><\/h5>\n\n<div style=\"height:40px\" aria-hidden=\"true\" class=\"wp-block-spacer\"><\/div>\n\n<blockquote class=\"wp-block-quote is-layout-flow wp-block-quote-is-layout-flow\">\n<p>Questa basilica era il luogo in cui la famiglia Ferragud Roig viveva la fede, essendo l&#8217;unica chiesa parrocchiale della citt\u00e0. Qui \u00e8 sepolta la Beata Josefa Naval Girb\u00e9s, amica di Mar\u00eda Teresa Ferragud.<\/p>\n<\/blockquote>\n\n<div style=\"height:40px\" aria-hidden=\"true\" class=\"wp-block-spacer\"><\/div>\n\n<div align=\"center\"><iframe src=\"https:\/\/www.google.com\/maps\/embed?pb=!1m18!1m12!1m3!1d3092.3652653479066!2d-0.439095024829122!3d39.189148271663235!2m3!1f0!2f0!3f0!3m2!1i1024!2i768!4f13.1!3m3!1m2!1s0xd61b0314631052f%3A0x75eb2ac47217aa27!2sBas%C3%ADlica%20de%20San%20Jaime%20Ap%C3%B3stol!5e0!3m2!1ses!2sve!4v1730340959583!5m2!1ses!2sve\" width=\"600\" height=\"450\" style=\"border:0;\" allowfullscreen=\"\" loading=\"lazy\" referrerpolicy=\"no-referrer-when-downgrade\"><\/iframe><\/div>\r\n\n<div style=\"height:40px\" aria-hidden=\"true\" class=\"wp-block-spacer\"><\/div>\n\n<hr class=\"wp-block-separator aligncenter has-alpha-channel-opacity\"\/>\n\n<div style=\"height:40px\" aria-hidden=\"true\" class=\"wp-block-spacer\"><\/div>\n\n<h5 class=\"wp-block-heading has-text-align-center\"><b><strong>Luogo del martirio<\/strong><\/b><\/h5>\n\n<div style=\"height:40px\" aria-hidden=\"true\" class=\"wp-block-spacer\"><\/div>\n<div class=\"wp-block-image\">\n<figure class=\"aligncenter size-full\"><a href=\"https:\/\/www.google.com\/maps\/place\/39%C2%B009'43.1%22N+0%C2%B026'41.3%22W\/@39.1619701,-0.4473787,17z\/data=!3m1!4b1!4m4!3m3!8m2!3d39.1619701!4d-0.4448038?entry=ttu&amp;g_ep=EgoyMDI0MTAyNy4wIKXMDSoASAFQAw%3D%3D\" target=\"_blank\" rel=\"noreferrer noopener\"><img loading=\"lazy\" decoding=\"async\" width=\"633\" height=\"460\" src=\"https:\/\/martiresparroquiasanpiox.org\/wp-content\/uploads\/2024\/10\/maria-teresa-y-sus-hijas-martires-lugar-del-martirio-mapa.png\" alt=\"\" class=\"wp-image-2512\" srcset=\"https:\/\/martiresparroquiasanpiox.org\/wp-content\/uploads\/2024\/10\/maria-teresa-y-sus-hijas-martires-lugar-del-martirio-mapa.png 633w, https:\/\/martiresparroquiasanpiox.org\/wp-content\/uploads\/2024\/10\/maria-teresa-y-sus-hijas-martires-lugar-del-martirio-mapa-300x218.png 300w, https:\/\/martiresparroquiasanpiox.org\/wp-content\/uploads\/2024\/10\/maria-teresa-y-sus-hijas-martires-lugar-del-martirio-mapa-413x300.png 413w\" sizes=\"auto, (max-width: 633px) 100vw, 633px\" \/><\/a><\/figure>\n<\/div>\n<div style=\"height:40px\" aria-hidden=\"true\" class=\"wp-block-spacer\"><\/div>\n","protected":false},"excerpt":{"rendered":"<p>I loro corpi La m\u00e1rtries se veneran actualmente en la Parroquia San Pio X en Algemes\u00ed, Valencia (Espa\u00f1a), donde se encuentran sus cuerpos enterrados. Casa &hellip;<\/p>\n","protected":false},"author":1,"featured_media":2509,"parent":2875,"menu_order":0,"comment_status":"closed","ping_status":"closed","template":"","meta":{"footnotes":""},"class_list":["post-2855","page","type-page","status-publish","has-post-thumbnail","hentry"],"_links":{"self":[{"href":"https:\/\/martiresparroquiasanpiox.org\/it\/wp-json\/wp\/v2\/pages\/2855","targetHints":{"allow":["GET"]}}],"collection":[{"href":"https:\/\/martiresparroquiasanpiox.org\/it\/wp-json\/wp\/v2\/pages"}],"about":[{"href":"https:\/\/martiresparroquiasanpiox.org\/it\/wp-json\/wp\/v2\/types\/page"}],"author":[{"embeddable":true,"href":"https:\/\/martiresparroquiasanpiox.org\/it\/wp-json\/wp\/v2\/users\/1"}],"replies":[{"embeddable":true,"href":"https:\/\/martiresparroquiasanpiox.org\/it\/wp-json\/wp\/v2\/comments?post=2855"}],"version-history":[{"count":3,"href":"https:\/\/martiresparroquiasanpiox.org\/it\/wp-json\/wp\/v2\/pages\/2855\/revisions"}],"predecessor-version":[{"id":3311,"href":"https:\/\/martiresparroquiasanpiox.org\/it\/wp-json\/wp\/v2\/pages\/2855\/revisions\/3311"}],"up":[{"embeddable":true,"href":"https:\/\/martiresparroquiasanpiox.org\/it\/wp-json\/wp\/v2\/pages\/2875"}],"wp:featuredmedia":[{"embeddable":true,"href":"https:\/\/martiresparroquiasanpiox.org\/it\/wp-json\/wp\/v2\/media\/2509"}],"wp:attachment":[{"href":"https:\/\/martiresparroquiasanpiox.org\/it\/wp-json\/wp\/v2\/media?parent=2855"}],"curies":[{"name":"wp","href":"https:\/\/api.w.org\/{rel}","templated":true}]}}

<h5 class="wp-block-heading has-text-align-center"><b><strong>I loro corpi</strong></b></h5>

<div style="height:40px" aria-hidden="true" class="wp-block-spacer"></div>

<blockquote class="wp-block-quote is-layout-flow wp-block-quote-is-layout-flow">
<p>La mártries se veneran actualmente en la Parroquia San Pio X en Algemesí, Valencia (España), donde se encuentran sus cuerpos enterrados.</p>
</blockquote>

<div style="height:40px" aria-hidden="true" class="wp-block-spacer"></div>

<div align="center"><iframe src="https://www.google.com/maps/embed?pb=!1m18!1m12!1m3!1d6184.45051994253!2d-0.43283999999999995!3d39.19232999999999!2m3!1f0!2f0!3f0!3m2!1i1024!2i768!4f13.1!3m3!1m2!1s0xd61b035a1b0997f%3A0xb12451e06d2727fd!2sParroquia%20San%20P%C3%ADo%20X%20de%20Algemes%C3%AD!5e0!3m2!1ses!2ses!4v1727475416015!5m2!1ses!2ses" width="600" height="450" style="border:0;" allowfullscreen="" loading="lazy" referrerpolicy="no-referrer-when-downgrade"></iframe></div>

<div style="height:40px" aria-hidden="true" class="wp-block-spacer"></div>

<hr class="wp-block-separator aligncenter has-alpha-channel-opacity is-style-default"/>

<div style="height:40px" aria-hidden="true" class="wp-block-spacer"></div>

<h5 class="wp-block-heading has-text-align-center"><b><strong>Casa di famiglia</strong></b></h5>

<div style="height:40px" aria-hidden="true" class="wp-block-spacer"></div>

<blockquote class="wp-block-quote is-layout-flow wp-block-quote-is-layout-flow">
<p>Calle Valencia 55, Algemesí, Valencia (España)</p>
</blockquote>

<div style="height:40px" aria-hidden="true" class="wp-block-spacer"></div>

<div align="center"><iframe src="https://www.google.com/maps/embed?pb=!1m18!1m12!1m3!1d3092.278945928023!2d-0.4376602897294092!3d39.19110997154464!2m3!1f0!2f0!3f0!3m2!1i1024!2i768!4f13.1!3m3!1m2!1s0xd61b03414f8e7b9%3A0xa1a0e30182a3a89d!2sC.%20Valencia%2C%2055%2C%2046680%20Algemes%C3%AD%2C%20Valencia%2C%20Espa%C3%B1a!5e0!3m2!1ses!2sve!4v1730340004940!5m2!1ses!2sve" width="600" height="450" style="border:0;" allowfullscreen="" loading="lazy" referrerpolicy="no-referrer-when-downgrade"></iframe></div>

<div style="height:40px" aria-hidden="true" class="wp-block-spacer"></div>

<hr class="wp-block-separator aligncenter has-alpha-channel-opacity"/>

<div style="height:40px" aria-hidden="true" class="wp-block-spacer"></div>

<h5 class="wp-block-heading has-text-align-center"><strong>Monastero <em>Fons Salutis</em></strong></h5>

<div style="height:40px" aria-hidden="true" class="wp-block-spacer"></div>

<blockquote class="wp-block-quote is-layout-flow wp-block-quote-is-layout-flow">
<p>Ex monastero di clausura di Algemesí, che servì da prigione durante la persecuzione religiosa e dove i martiri furono imprigionati per una settimana.</p>
</blockquote>

<div style="height:40px" aria-hidden="true" class="wp-block-spacer"></div>

<div align="center"><iframe src="https://www.google.com/maps/embed?pb=!1m18!1m12!1m3!1d3128.0435310892967!2d-0.44215895746337047!3d39.19483883961348!2m3!1f0!2f0!3f0!3m2!1i1024!2i768!4f13.1!3m3!1m2!1s0xd61b032ca2624ed%3A0x4afa145ee98d4d17!2sMonestir%20de%20Fons%20Salutis!5e0!3m2!1ses!2sve!4v1730340283043!5m2!1ses!2sve" width="600" height="450" style="border:0;" allowfullscreen="" loading="lazy" referrerpolicy="no-referrer-when-downgrade"></iframe></div>

<div style="height:40px" aria-hidden="true" class="wp-block-spacer"></div>

<hr class="wp-block-separator aligncenter has-alpha-channel-opacity"/>

<div style="height:40px" aria-hidden="true" class="wp-block-spacer"></div>

<h5 class="wp-block-heading has-text-align-center"><strong>Casa di Purificación Masiá</strong></h5>

<div style="height:40px" aria-hidden="true" class="wp-block-spacer"></div>

<blockquote class="wp-block-quote is-layout-flow wp-block-quote-is-layout-flow">
<p>Carrer de la Muntanya 64, Algemesí, Valencia (España). Purificación era l&#8217;unica sorella sposata della famiglia Ferragud.</p>
</blockquote>

<div style="height:40px" aria-hidden="true" class="wp-block-spacer"></div>

<div align="center"><iframe src="https://www.google.com/maps/embed?pb=!1m18!1m12!1m3!1d3092.2593599688635!2d-0.4414076248716593!3d39.19155507166275!2m3!1f0!2f0!3f0!3m2!1i1024!2i768!4f13.1!3m3!1m2!1s0xd61b0324ea8e6d7%3A0xb7931b151d4dbb86!2sCarrer%20de%20la%20Muntanya%2C%2064%2C%2046680%20Algemes%C3%AD%2C%20Val%C3%A8ncia%2C%20Espa%C3%B1a!5e0!3m2!1ses!2sve!4v1730384906656!5m2!1ses!2sve" width="600" height="450" style="border:0;" allowfullscreen="" loading="lazy" referrerpolicy="no-referrer-when-downgrade"></iframe></div>

<div style="height:40px" aria-hidden="true" class="wp-block-spacer"></div>

<hr class="wp-block-separator aligncenter has-alpha-channel-opacity"/>

<div style="height:40px" aria-hidden="true" class="wp-block-spacer"></div>

<h5 class="wp-block-heading has-text-align-center"><strong>Basílica San Jaime Apóstol</strong></h5>

<div style="height:40px" aria-hidden="true" class="wp-block-spacer"></div>

<blockquote class="wp-block-quote is-layout-flow wp-block-quote-is-layout-flow">
<p>Questa basilica era il luogo in cui la famiglia Ferragud Roig viveva la fede, essendo l&#8217;unica chiesa parrocchiale della città. Qui è sepolta la Beata Josefa Naval Girbés, amica di María Teresa Ferragud.</p>
</blockquote>

<div style="height:40px" aria-hidden="true" class="wp-block-spacer"></div>

<div align="center"><iframe src="https://www.google.com/maps/embed?pb=!1m18!1m12!1m3!1d3092.3652653479066!2d-0.439095024829122!3d39.189148271663235!2m3!1f0!2f0!3f0!3m2!1i1024!2i768!4f13.1!3m3!1m2!1s0xd61b0314631052f%3A0x75eb2ac47217aa27!2sBas%C3%ADlica%20de%20San%20Jaime%20Ap%C3%B3stol!5e0!3m2!1ses!2sve!4v1730340959583!5m2!1ses!2sve" width="600" height="450" style="border:0;" allowfullscreen="" loading="lazy" referrerpolicy="no-referrer-when-downgrade"></iframe></div>

<div style="height:40px" aria-hidden="true" class="wp-block-spacer"></div>

<hr class="wp-block-separator aligncenter has-alpha-channel-opacity"/>

<div style="height:40px" aria-hidden="true" class="wp-block-spacer"></div>

<h5 class="wp-block-heading has-text-align-center"><b><strong>Luogo del martirio</strong></b></h5>

<div style="height:40px" aria-hidden="true" class="wp-block-spacer"></div>
<div class="wp-block-image">
<figure class="aligncenter size-full"><a href="https://www.google.com/maps/place/39%C2%B009'43.1%22N+0%C2%B026'41.3%22W/@39.1619701,-0.4473787,17z/data=!3m1!4b1!4m4!3m3!8m2!3d39.1619701!4d-0.4448038?entry=ttu&amp;g_ep=EgoyMDI0MTAyNy4wIKXMDSoASAFQAw%3D%3D" target="_blank" rel="noreferrer noopener"><img loading="lazy" decoding="async" width="633" height="460" src="https://martiresparroquiasanpiox.org/wp-content/uploads/2024/10/maria-teresa-y-sus-hijas-martires-lugar-del-martirio-mapa.png" alt="" class="wp-image-2512" srcset="https://martiresparroquiasanpiox.org/wp-content/uploads/2024/10/maria-teresa-y-sus-hijas-martires-lugar-del-martirio-mapa.png 633w, https://martiresparroquiasanpiox.org/wp-content/uploads/2024/10/maria-teresa-y-sus-hijas-martires-lugar-del-martirio-mapa-300x218.png 300w, https://martiresparroquiasanpiox.org/wp-content/uploads/2024/10/maria-teresa-y-sus-hijas-martires-lugar-del-martirio-mapa-413x300.png 413w" sizes="auto, (max-width: 633px) 100vw, 633px" /></a></figure>
</div>
<div style="height:40px" aria-hidden="true" class="wp-block-spacer"></div>

<p>I loro corpi La mártries se veneran actualmente en la Parroquia San Pio X en Algemesí, Valencia (España), donde se encuentran sus cuerpos enterrados. Casa &hellip;</p>
